*(-3)/(-6)*(2 + -15) is divided by 16.
15
What is the remainder when (52602/(-44))/(((-30)/4)/5) is divided by 50?
47
Let h(a) = a**2 - 31. Calculate the remainder when 106 is divided by h(-9).
6
Calculate the remainder when -1 - -1 - (11 + -144) is divided by 34.
31
Let t(x) = 315*x**3 + 67*x - 68. What is the remainder when t(1) is divided by 54?
44
Let i(m) be the third derivative of m**4/3 - m**3/3 - 7*m**2. Suppose -70 = -5*l + 15. What is the remainder when l is divided by i(1)?
5
Let c be 20 + -12 - 5*1. Suppose -6*b = -2*v - c*b + 25, 36 = 3*v - 5*b. Calculate the remainder when 49 is divided by v.
15
Let n = -19 + 24. Suppose n*v = -7*v + 504. Calculate the remainder when v is divided by 9.
6
Suppose k = 5*k - 204. Let l = 56 + -30. Calculate the remainder when 1/(-1 + 52/k) is divided by l.
25
Let h be (-6)/(-6) - (-38 - 1). Suppose -5*s = n - h, -2*n = 4*s + 35 - 109. Calculate the remainder when n is divided by 9.
8
Suppose 10*h = -19*h + 1769. Let n(x) = -x**3 - 8*x**2 + 6*x - 11. Calculate the remainder when h is divided by n(-9).
13
Let u = -43 - -29. What is the remainder when u/(-112) - 167/(-8) is divided by 3?
0
Let j(g) = 299*g**2 + 2*g + 1. Calculate the remainder when j(-1) is divided by 13.
12
Let u(m) = 2*m**2 + 7*m - 28. Suppose 0 = -2*a - 2 + 8. Calculate the remainder when u(3) is divided by a.
2
Let u(y) = -2*y - 7*y + 0*y - y**3 + 63*y**2 - 72*y**2. Calculate the remainder when u(-8) is divided by (-18)/4*(-4)/6.
2
Calculate the remainder when -50*(60/(-8))/5 is divided by 2/((-2)/(-3)) + 16.
18
Let v(j) = 2*j + 5. Let n be v(0). Calculate the remainder when (-3 - -64) + 2 + n/(-5) is divided by 22.
18
Let v(o) = -4*o**3 + 17*o**2 - 9*o + 8. What is the remainder when v(3) is divided by 5?
1
Let r = 103 + -94. What is the remainder when 35 is divided by r/((-135)/(-132)) - 2/(-10)?
8
Suppose j - 82 = -5*w - 0*j, 5*w + 4*j - 73 = 0. What is the remainder when (-19)/((-1672)/(-16)) - 4408/(-44) is divided by w?
15
Let d(n) = n + 6. Let f = 892 - 886. What is the remainder when d(0) is divided by f?
0
Suppose 28*z = 3604 + 3200. Calculate the remainder when z is divided by 82.
79
Suppose 13*l = 8*l - 4*x + 135, -4*l - 3*x + 109 = 0. Suppose 0 = -4*f + 118 + 370. What is the remainder when f is divided by l?
29
Let h(z) = -z**3 - 8*z**2 - 24*z - 109. Calculate the remainder when 56 is divided by h(-7).
6
Let s(b) = -15*b - 536. What is the remainder when s(-42) is divided by 36?
22
Suppose -o - 85 = -4*z, 2*z - 81 = -2*z - 3*o. Suppose -29 = -x + z. What is the remainder when x is divided by 13?
11
Suppose 15 = 3*w + 2*w. Suppose n + 5 = 5*n - 5*d, 0 = -n - 5*d + 20. Calculate the remainder when n is divided by w.
2
Suppose -3*p - 3*j + 15 = 0, -2*p + p - 5 = 3*j. Suppose -2*h + p + 10 = 0. Let z(f) = f**2 + 3*f - 2. What is the remainder when z(-8) is divided by h?
8
Let q be ((-5)/2 + 3)*4. Suppose -73 = -5*v - 2*a, -a = -q*v - v + 35. Calculate the remainder when (-8)/(-6)*(-18)/(-1) is divided by v.
11
Let q be 1 - -47 - (5 + -2). Suppose 0 = 5*j + 4*w - q, -j - w + 36 = 3*j. Calculate the remainder when (-103)/(-3) - 6/(-9) is divided by j.
8
Let o(y) = 3*y**2 - 2*y - 1. What is the remainder when (-90)/12*((-100)/15 - -4) is divided by o(2)?
6
Let h be (-2)/(-4)*2 + -1. Suppose 3*r + r - 40 = h. What is the remainder when r is divided by 2*(-7)/84 + (-76)/(-24) + 1?
2
Let p be 4 - (-12)/(-4) - -2. Suppose -2*h - h + 3 = -p*d, 5*d + 15 = 0. Let o = 30 - h. What is the remainder when o is divided by 7?
4
Let h(f) = 2*f + 4. Let s be (-38)/(-6) - 4/12*-2. What is the remainder when 34 is divided by h(s)?
16
Let f(t) = 11*t**2 - 102*t - 4. Calculate the remainder when f(11) is divided by 16.
13
Let d(t) = -1. Let r(i) = -i + 51. Let w(z) = 6*d(z) + r(z). Let h(u) = u - 1. Let b(c) = 2*h(c) + w(c). What is the remainder when b(0) is divided by 22?
21
Let r = -90 - -47. Let j = 76 + r. Calculate the remainder when j is divided by 17.
16
Suppose 30 - 88 = -2*o. Let w = -22 - -38. What is the remainder when o is divided by w?
13
Let y = 41 + 14. Suppose -4*n - 45 = -i, 5*n = -18 - 2. What is the remainder when y is divided by i?
26
Suppose 4*z = 4, 2 = -5*u + z + 1. Suppose -14*x + 13*x + 8 = u. Calculate the remainder when 31 is divided by x.
7
Suppose 2*o + 2*u = 6*u + 40, 0 = -o - 5*u + 41. Calculate the remainder when 68 is divided by o.
16
Let d(c) = -c + 17. Let b = -62 - -44. What is the remainder when 69 is divided by d(b)?
34
Let a = -17 + 25. Suppose -4*k = -3*k - a. Suppose k*l = 3*l + 400. Calculate the remainder when l is divided by 27.
26
Suppose 0 = -2*c + 2 - 0. Let d be 312/(-28) + c/7. Let h = d - -15. Calculate the remainder when 19 is divided by h.
3
Suppose 4*d + 32 = 2*s, 2*d + 45 = 5*s - d. What is the remainder when 2 - 1/(-1)*4 is divided by s?
0
Let b = 30 + -97. Let l = b + 99. What is the remainder when l is divided by 12?
8
Let h(p) = -p**3 + 12*p**2 - 10*p - 6. Let v = 4 + 7. Let b = 59 + -37. Calculate the remainder when b is divided by h(v).
2
Suppose -12*k + 494 = -118. Let o = -8 + 21. What is the remainder when k is divided by o?
12
What is the remainder when 16 is divided by (-5)/(-20) - 30/(-8)?
0
What is the remainder when 535 is divided by (-2)/(-16) - (-7955)/296?
22
Let f(c) = -c**3 - 8*c**2 - 4*c + 22. Let w be f(-9). Suppose -5*o + 196 + w = 0. Let h = -23 - -40. Calculate the remainder when o is divided by h.
16
Calculate the remainder when (-1054)/(-16) - (-6 - (-47)/8) is divided by 24.
18
Let y(q) = q - 1. Let f(d) = 3*d - 44. Let r(a) = -f(a) + 5*y(a). Calculate the remainder when r(12) is divided by 34.
29
Suppose 4*c = 10 + 2. Suppose 3*r = -4*k + 86, -k = -c*r + 4*k + 68. Calculate the remainder when r is divided by 9.
8
Let c = -20 - -47. Let y = 6 - 14. Calculate the remainder when c is divided by 20/y*2*-2.
7
Suppose -5*p + v = -277, 5*p - 3*v - 283 = v. Let q(c) = -c**3 + 18*c**2 + 17*c + 52. Calculate the remainder when p is divided by q(19).
13
Let j = -3 - -13. Let r(l) = 5*l - 8. Let t(w) = -w**2 + 6*w + 3. What is the remainder when r(j) is divided by t(4)?
9
Let s = 4 + -2. Let w(a) be the second derivative of a**5/10 - a**4/6 - a**3/3 + 29*a. What is the remainder when 5 is divided by w(s)?
1
Let q(c) be the third derivative of 0 + 3/2*c**3 - 1/5*c**5 + 3/8*c**4 + 0*c + 7*c**2 - 1/120*c**6. Calculate the remainder when q(-13) is divided by 16.
13
Let i = 237 - 230. Let s be (-26)/(-6) - 2/6. Suppose s*v = -16 + 116. What is the remainder when v is divided by i?
4
Let y be ((-2)/(-4))/(1 - (-44)/(-40)). Let a(u) = -2*u - 7. What is the remainder when 10 is divided by a(y)?
1
Let b(f) = 8*f**2 + 3*f + 36. Calculate the remainder when b(-5) is divided by 32.
29
Let t(c) = -3*c + 23. Let s(u) = 8*u**2 - 1. What is the remainder when t(4) is divided by s(-1)?
4
Let c(r) = -r**2 + 9*r - 8. Let v be (-85)/(-10) + 3/(-2). Let m be c(v). Suppose -24 + m = -2*o. What is the remainder when 24 is divided by o?
6
Calculate the remainder when (315/12)/((-20)/(-32)) is divided by (20/6)/((-2)/(-9)).
12
What is the remainder when (-1 - 77/49)/((-1)/56) is divided by 38?
30
Let l be 2*(-194)/(-12) - (-22)/(-66). Let r be (0*(-2)/4)/(-2). Suppose 4*q - l = 3*h, -4*q - 4*h = -r*h - 32. Calculate the remainder when 21 is divided by q.
5
Suppose -3*o - 85 - 191 = -3*m, 2*m + 5*o - 156 = 0. Calculate the remainder when 276 is divided by m.
12
Suppose -4*r + 3*n - 88 = -9*r, 4*r - n = 84. What is the remainder when 75 is divided by r?
15
Suppose -h + 160 = 4*h. Let r(p) = -p**2 - 17*p - 9. What is the remainder when r(-7) is divided by 45/18*h/5?
13
Let j(x) be the second derivative of -x**5/20 - 7*x**4/12 - x**3/3 - 9*x**2/2 + 9*x. Calculate the remainder when 13 is divided by j(-7).
3
Let i(u) = u**3 - 6*u**2 + 28*u - 5. Calculate the remainder when i(8) is divided by 22.
17
Let n(i) = 7*i**2 + 6*i - 10. Let y(m) = m**2 + m. Let u(r) = n(r) - 5*y(r). Let o be u(-5). Let j = 98 - o. What is the remainder when j is divided by 13?
11
Let n = -1075 + 1236. What is the remainder when n is divided by 27?
26
Let m(o) = -9*o - 356. Let d(y) = 5*y + 178. Let l(j) = 7*d(j) + 3*m(j). What is the remainder when l(0) is divided by 18?
16
Let c = -49 - -108. Let y(j) be the first derivativ